is -30 + 1071?
1041
In base 8, what is -14 - 43?
-57
In base 14, what is 3 - 924?
-921
In base 9, what is 2 + -23?
-21
In base 13, what is -10 + -2c?
-3c
In base 13, what is 165 + -9?
159
In base 13, what is -2 + -1939?
-193b
In base 2, what is -1001011000110 - -1?
-1001011000101
In base 15, what is 1 + -4a?
-49
In base 10, what is 38 - 0?
38
In base 13, what is -2 + -166?
-168
In base 12, what is -a9 + 3?
-a6
In base 15, what is 21 + 1?
22
In base 5, what is -2311 - 3?
-2314
In base 6, what is -140005 + -2?
-140011
In base 2, what is 10111 + 10011100?
10110011
In base 13, what is -10b9 - -3?
-10b6
In base 11, what is 64 + 5?
69
In base 16, what is -7e + 0?
-7e
In base 16, what is 0 + -4d?
-4d
In base 10, what is 470 + -19?
451
In base 14, what is b + -5?
6
In base 16, what is 1 + 49c?
49d
In base 3, what is 211001 + 11?
211012
In base 10, what is 195 + 5?
200
In base 9, what is 3 - 423?
-420
In base 10, what is 51 + 8?
59
In base 13, what is -35 - 4?
-39
In base 4, what is -10 - 31?
-101
In base 15, what is -5 + -41?
-46
In base 9, what is -1 - 2376?
-2377
In base 11, what is -1043 - -5?
-1039
In base 7, what is 233 - 6?
224
In base 10, what is -24 - 77?
-101
In base 8, what is -66 + 12?
-54
In base 2, what is 10000100 - 1100010?
100010
In base 2, what is 1010110100 - -101?
1010111001
In base 10, what is -25 + -34?
-59
In base 8, what is -1 + -122?
-123
In base 4, what is -2 - -1111201?
1111133
In base 10, what is -2 - -519?
517
In base 7, what is 25211 + 5?
25216
In base 13, what is 5 + -48a?
-485
In base 12, what is b - 12?
-3
In base 12, what is 337b + 3?
3382
In base 6, what is -4 - 43?
-51
In base 6, what is 3 + -10?
-3
In base 3, what is -110 + -110?
-220
In base 8, what is -5 - -746?
741
In base 5, what is 2 + -1240?
-1233
In base 2, what is 0 + -111010111?
-111010111
In base 2, what is 10 - 1100001111?
-1100001101
In base 7, what is -4 - -31?
24
In base 14, what is -2 - 1240?
-1242
In base 9, what is 10072 + -3?
10068
In base 6, what is -2241 + -5?
-2250
In base 10, what is 27 + 17?
44
In base 16, what is 2 + 6a2?
6a4
In base 8, what is 1 - 7612?
-7611
In base 13, what is 190 - 4?
189
In base 11, what is 69 - -2?
70
In base 6, what is -4 - 2455?
-2503
In base 2, what is 111100010 - -10?
111100100
In base 13, what is -1a - 14?
-31
In base 8, what is 113416 + 4?
113422
In base 9, what is -354 - -45?
-308
In base 5, what is -24 - 220?
-244
In base 5, what is -1301 + -13?
-1314
In base 4, what is -1133 + -11?
-1210
In base 2, what is 101 + 100000011011?
100000100000
In base 3, what is 100022 - 12?
100010
In base 10, what is -19 + 23?
4
In base 4, what is 32 + 102122?
102220
In base 13, what is -8a - -10?
-7a
In base 4, what is -10 - -1001?
331
In base 3, what is 1 + -10101?
-10100
In base 16, what is -10ac - -1?
-10ab
In base 8, what is 1 - -27?
30
In base 5, what is 11001 + 10?
11011
In base 5, what is 110341 + 2?
110343
In base 4, what is -1 - 1302?
-1303
In base 15, what is -78 - 4?
-7c
In base 16, what is 5 + -65d?
-658
In base 13, what is -7c - 1b?
-9a
In base 2, what is 1100 - -10010110?
10100010
In base 4, what is -1 - -101?
100
In base 7, what is -5 - 44?
-52
In base 13, what is -11 - -4?
-a
In base 13, what is -5 - -c6?
c1
In base 15, what is -5 + -18a9?
-18ae
In base 10, what is 108 + -4?
104
In base 15, what is 1 - 82?
-81
In base 12, what is 3 + -262?
-25b
In base 5, what is -2221 - 2?
-2223
In base 11, what is 45 - 2?
43
In base 15, what is -16a - -3?
-167
In base 7, what is -330 + -1?
-331
In base 2, what is 110 + -11?
11
In base 4, what is -12 - -130?
112
In base 14, what is 396 + -5?
391
In base 13, what is 1 + 2?
3
In base 6, what is -1551 - 1?
-1552
In base 16, what is fd + 1?
fe
In base 9, what is 4 + 10?
14
In base 12, what is -2 - -30?
2a
In base 14, what is 4 + -7?
-3
In base 13, what is 3c3 - -3?
3c6
In base 4, what is -12 - -1132?
1120
In base 11, what is 1 + 74?
75
In base 6, what is 53312 + 2?
53314
In base 10, what is 1 - 133?
-132
In base 15, what is -1 - 24?
-25
In base 11, what is 22a - -7?
236
In base 10, what is 2 + -192?
-190
In base 6, what is -12 - 204?
-220
In base 12, what is -2a44 - -2?
-2a42
In base 15, what is 6 + -ac?
-a6
In base 6, what is -5514 - 4?
-5522
In base 12, what is 310 + -2?
30a
In base 14, what is -2 + -2da?
-2dc
In base 3, what is 0 - 220?
-220
In base 3, what is -12000 + 12?
-11211
In base 16, what is 8 + -20b?
-203
In base 10, what is 47 + -290?
-243
In base 9, what is -21 + 62?
41
In base 12, what is 2 + -5?
-3
In base 2, what is 1110001 - -11?
1110100
In base 13, what is -21 + -2b?
-4c
In base 4, what is 1 + 101?
102
In base 6, what is -242 - 13?
-255
In base 7, what is -162653 - -1?
-162652
In base 14, what is 5 + -126?
-121
In base 5, what is -123 + 341?
213
In base 10, what is 2429 - 2?
2427
In base 15, what is c - -27?
34
In base 5, what is -2 - 1130?
-1132
In base 5, what is -3310 - -3?
-3302
In base 10, what is 5 + 62?
67
In base 13, what is -48 + 5?
-43
In base 8, what is -16626 + 4?
-16622
In base 15, what is 5 - 24?
-1e
In base 14, what is -6 + -d?
-15
In base 15, what is -d7 + -7?
-de
In base 9, what is 475 - 8?
466
In base 15, what is -1038 + 3?
-1035
In base 10, what is 2360 - -4?
2364
In base 12, what is -245 - -b?
-236
In base 3, what is 10200 + 101?
11001
In base 6, what is -42 - 5?
-51
In base 10, what is 3 - 51?
-48
In base 16, what is 7 - c?
-5
In base 16, what is -4 + -a8?
-ac
In base 6, what is 2 + -413?
-411
In base 7, what is -32415 - 0?
-32415
In base 6, what is 230 + 5?
235
In base 14, what is 3 + 1d9?
1dc
In base 13, what is 5 - -32?
37
In base 12, what is -453a + -1?
-453b
In base 8, what is -134 + 6?
-126
In base 11, what is 3 - a5?
-a2
In base 11, what is -a47 + 0?
-a47
In base 15, what is -30 + -141?
-171
In base 3, what is 2201 + 20?
2221
In base 4, what is 200021 + 1?
200022
In base 11, what is 15 - 300?
-296
In base 7, what is 16 + 101?
120
In base 4, what is 131 + -12?
113
In base 2, what is -101 - 1011110?
-1100011
In base 9, what is -22 - -18?
-3
In base 7, what is -3 + 4?
1
In base 11, what is 150 + -4?
147
In base 14, what is 87 + -1?
86
In base 8, what is -42 - -434?
372
In base 4, what is 1 + -220?
-213
In base 7, what is 5 - -1152?
1160
In base 13, what is -3 + -101?
-104
In base 15, what is -59 + 1?
-58
In base 4, what is -11 - -210?
133
In base 15, what is -6 + 2c?
26
In base 3, what is 21 + -10110021?
-10110000
In base 16, what is 8 + -c08?
-c00
In base 14, what is -2 - 6?
-8
In base 13, what is -96 - -4?
-92
In base 7, what is 16 + 115?
134
In base 13, what is 2 + -45c?
-45a
In base 3, what is 11 + -122112?
-122101
In base 3, what is -100221021 - 2?
-100221100
In base 3, what is -2 - 210220?
-210222
In base 11, what is 84 - 0?
84
In base 6, what is -3 + 240?
233
In base 3, what is -2 - 202120?
-202122
In base 12, what is -a54 + 3?
-a51
In base 7, what is 111 - -4?
115
In base 7, what is 4 - -161?
165
In base 15, what is -11 - e?
-20
In base 8, what is -4 + -2?
-6
In base 15, what is -7e + -65?
-e4
In base 5, what is 324 - 3?
321
In base 8, what is 1232 - -4?
1236
In base 5, what is 3 + 4334?
4342
In base 16, what is -86 + -5?
-8b
In base 11, what is 0 + -147?
-147
In base 2, what is 111011000 - 1?
111010111
In base 15, what is -40 - 1?
-41
In base 4, what is 3 + -210?
-201
In base 9, what is 1883 + 2?
1885
In base 3, what is 1021 + 12?
1110
In base 9, what is -117 + -4?
-122
In base 16, what is b4 - -4?
b8
In base 14, what is -2 - a1?
-a3
In base 8, what is -325 - 31?
-356
In base 12, what is -7 - 25b?
-266
In base 15, what is -1392 + -2?
-1394
In base 10, what is 1 + 10?
11
In base 2, what is 1000100 + 0?
1000100
In base 2, what is -10000101 - 101?
-10001010
In base 2, what is -1010000011010011 + 100?
-1010000011001111
In base 11, what is 228 - -1?
229
In base 2, what is -11110101 + -10?
-11110111
In base 6, what is -124 - 35?
-203
In base 3, what is -1002 + 112?
-120
In base 6, what is -5315 - -15?
-5300
In base 14, what is -3db + 5?
-3d6
In base 6, what is -21 + -12?
-33
In base 9, what is 1 + 102?
103
In base 4, what is -3 + 1022?
1013
In base 5, what is 10 - -32?
42
In base 3, what is -2 + -11002?
-11011
In base 8, what is 51467 + 1?
51470
In base 16, what is -17 + 4?
-13
In base 4, what is -10 + -200?
-210
In base 3, what is 1